{"id":2375,"date":"2013-11-06T22:10:17","date_gmt":"2013-11-06T21:10:17","guid":{"rendered":"http:\/\/sergiofoto.pl\/o-mnie-2\/"},"modified":"2020-03-17T19:57:05","modified_gmt":"2020-03-17T18:57:05","slug":"about-me","status":"publish","type":"page","link":"https:\/\/www.sergiofoto.pl\/en\/about-me\/","title":{"rendered":"ABOUT ME"},"content":{"rendered":"<p>Sergio provides photographic services to companies and individuals. \u00a0Are you looking for a <strong>wedding photographer<\/strong>? Sergio comes from Italy and has years of experience in the photography field. He is capable of capturing on photographs the right and important moments.<\/p>\n<p>I do not offer standard services. \u00a0I go beyond customer expectations. A photographer is primarily an artist, and since mostly people are an inspiration for me, each photo shoot is tailored individually for each client.<\/p>\n<h2>Sergio<\/h2>\n<p>Since many years working as a photographer and photo-reporter, Sergio had\u00a0the opportunity to work for various clients, both for individuals and businesses. He worked directly with Polish stars and models. Now he is entirely devoted to photography of individuals, mostly wedding photography and fashion.<\/p>\n<p><a title=\"Contact\" href=\"http:\/\/www.sergioloporto.com\/contact\/\">Contact Us<\/a><\/p>\n<h2>Our services<\/h2>\n<p>We will be happy to take orders\u00a0in the following fields:<\/p>\n<ul>\n<li>weddings, baptisms,\u00a0first communions<\/li>\n<li>children photography, families and bellies<\/li>\n<li>art&#8230;<\/li>\n<li>proms and parties<\/li>\n<li>make up art<\/li>\n<li>editorials, fashion<\/li>\n<li>fashion shows<\/li>\n<li>others\u00a0&#8211; contact us\u00a0:)<\/li>\n<\/ul>\n<h2>Equipment<\/h2>\n<ul>\n<li>Canon EOS 5D Mark III<\/li>\n<li>Canon EOS 550D<\/li>\n<li>Flash\u00a0Canon 580EX II<\/li>\n<li>2 radio triggres\u00a0Yongnuo YN-622N<\/li>\n<li>Big reflector\u00a0&#8211; circle, gold\/silver<\/li>\n<li>Small studio\u00a0&#8211; 2,70 m delux paper and\u00a0polypropylene\u00a0backgrounds<\/li>\n<li>2 * 200 Ws studio flashes<\/li>\n<li>2 * 60&#215;90 softboxes<\/li>\n<li>Snoot\u00a0+\u00a0honey comb filter grid<\/li>\n<li>Constant light lamps\u00a05500K 200W \/ 800W i 600W<\/li>\n<li>Music\u00a0:)<\/li>\n<\/ul>\n<p>Sergio<\/p>\n","protected":false},"excerpt":{"rendered":"<p>Sergio provides photographic services to companies and individuals. \u00a0Are you looking for a wedding photographer? Sergio comes from Italy and has years of experience in the photography field. He is capable of capturing on photographs the right and important moments. I do not offer standard&#8230;<\/p>\n","protected":false},"author":1,"featured_media":0,"parent":0,"menu_order":0,"comment_status":"open","ping_status":"open","template":"","meta":{"footnotes":""},"class_list":["post-2375","page","type-page","status-publish","hentry"],"yoast_head":"<!-- This site is optimized with the Yoast SEO plugin v27.3 - https:\/\/yoast.com\/product\/yoast-seo-wordpress\/ -->\n<title>ABOUT ME | Fotograf Warszawa<\/title>\n<meta name=\"robots\" content=\"index, follow, max-snippet:-1, max-image-preview:large, max-video-preview:-1\" \/>\n<link rel=\"canonical\" href=\"https:\/\/www.sergiofoto.pl\/en\/about-me\/\" \/>\n<meta property=\"og:locale\" content=\"en_US\" \/>\n<meta property=\"og:type\" content=\"article\" \/>\n<meta property=\"og:title\" content=\"ABOUT ME | Fotograf Warszawa\" \/>\n<meta property=\"og:description\" content=\"Sergio provides photographic services to companies and individuals. \u00a0Are you looking for a wedding photographer? Sergio comes from Italy and has years of experience in the photography field. He is capable of capturing on photographs the right and important moments. I do not offer standard...\" \/>\n<meta property=\"og:url\" content=\"https:\/\/www.sergiofoto.pl\/en\/about-me\/\" \/>\n<meta property=\"og:site_name\" content=\"Sergio&#039;s Photography - Fotografia... po w\u0142osku!\" \/>\n<meta property=\"article:publisher\" content=\"https:\/\/www.facebook.com\/sergiofotopl\" \/>\n<meta property=\"article:modified_time\" content=\"2020-03-17T18:57:05+00:00\" \/>\n<meta name=\"twitter:label1\" content=\"Est. reading time\" \/>\n\t<meta name=\"twitter:data1\" content=\"1 minute\" \/>\n<script type=\"application\/ld+json\" class=\"yoast-schema-graph\">{\"@context\":\"https:\\\/\\\/schema.org\",\"@graph\":[{\"@type\":\"WebPage\",\"@id\":\"https:\\\/\\\/www.sergiofoto.pl\\\/en\\\/about-me\\\/\",\"url\":\"https:\\\/\\\/www.sergiofoto.pl\\\/en\\\/about-me\\\/\",\"name\":\"ABOUT ME | Fotograf Warszawa\",\"isPartOf\":{\"@id\":\"http:\\\/\\\/www.sergiofoto.pl\\\/#website\"},\"datePublished\":\"2013-11-06T21:10:17+00:00\",\"dateModified\":\"2020-03-17T18:57:05+00:00\",\"breadcrumb\":{\"@id\":\"https:\\\/\\\/www.sergiofoto.pl\\\/en\\\/about-me\\\/#breadcrumb\"},\"inLanguage\":\"en\",\"potentialAction\":[{\"@type\":\"ReadAction\",\"target\":[\"https:\\\/\\\/www.sergiofoto.pl\\\/en\\\/about-me\\\/\"]}]},{\"@type\":\"BreadcrumbList\",\"@id\":\"https:\\\/\\\/www.sergiofoto.pl\\\/en\\\/about-me\\\/#breadcrumb\",\"itemListElement\":[{\"@type\":\"ListItem\",\"position\":1,\"name\":\"Home\",\"item\":\"https:\\\/\\\/www.sergiofoto.pl\\\/en\\\/\"},{\"@type\":\"ListItem\",\"position\":2,\"name\":\"ABOUT ME\"}]},{\"@type\":\"WebSite\",\"@id\":\"http:\\\/\\\/www.sergiofoto.pl\\\/#website\",\"url\":\"http:\\\/\\\/www.sergiofoto.pl\\\/\",\"name\":\"Sergio's Photography - Fotografia... po w\u0142osku!\",\"description\":\"Fotograf \u015blubny, okoliczno\u015bciowy i dla dzieci Warszawa. Wyj\u0105tkowe fotografie makija\u017cu, portrety. Fotografia reklamowa. Sesje zdj\u0119ciowe w Warszawie w studio i w plenerze\",\"potentialAction\":[{\"@type\":\"SearchAction\",\"target\":{\"@type\":\"EntryPoint\",\"urlTemplate\":\"http:\\\/\\\/www.sergiofoto.pl\\\/?s={search_term_string}\"},\"query-input\":{\"@type\":\"PropertyValueSpecification\",\"valueRequired\":true,\"valueName\":\"search_term_string\"}}],\"inLanguage\":\"en\"}]}<\/script>\n<!-- \/ Yoast SEO plugin. -->","yoast_head_json":{"title":"ABOUT ME | Fotograf Warszawa","robots":{"index":"index","follow":"follow","max-snippet":"max-snippet:-1","max-image-preview":"max-image-preview:large","max-video-preview":"max-video-preview:-1"},"canonical":"https:\/\/www.sergiofoto.pl\/en\/about-me\/","og_locale":"en_US","og_type":"article","og_title":"ABOUT ME | Fotograf Warszawa","og_description":"Sergio provides photographic services to companies and individuals. \u00a0Are you looking for a wedding photographer? Sergio comes from Italy and has years of experience in the photography field. He is capable of capturing on photographs the right and important moments. I do not offer standard...","og_url":"https:\/\/www.sergiofoto.pl\/en\/about-me\/","og_site_name":"Sergio&#039;s Photography - Fotografia... po w\u0142osku!","article_publisher":"https:\/\/www.facebook.com\/sergiofotopl","article_modified_time":"2020-03-17T18:57:05+00:00","twitter_misc":{"Est. reading time":"1 minute"},"schema":{"@context":"https:\/\/schema.org","@graph":[{"@type":"WebPage","@id":"https:\/\/www.sergiofoto.pl\/en\/about-me\/","url":"https:\/\/www.sergiofoto.pl\/en\/about-me\/","name":"ABOUT ME | Fotograf Warszawa","isPartOf":{"@id":"http:\/\/www.sergiofoto.pl\/#website"},"datePublished":"2013-11-06T21:10:17+00:00","dateModified":"2020-03-17T18:57:05+00:00","breadcrumb":{"@id":"https:\/\/www.sergiofoto.pl\/en\/about-me\/#breadcrumb"},"inLanguage":"en","potentialAction":[{"@type":"ReadAction","target":["https:\/\/www.sergiofoto.pl\/en\/about-me\/"]}]},{"@type":"BreadcrumbList","@id":"https:\/\/www.sergiofoto.pl\/en\/about-me\/#breadcrumb","itemListElement":[{"@type":"ListItem","position":1,"name":"Home","item":"https:\/\/www.sergiofoto.pl\/en\/"},{"@type":"ListItem","position":2,"name":"ABOUT ME"}]},{"@type":"WebSite","@id":"http:\/\/www.sergiofoto.pl\/#website","url":"http:\/\/www.sergiofoto.pl\/","name":"Sergio's Photography - Fotografia... po w\u0142osku!","description":"Fotograf \u015blubny, okoliczno\u015bciowy i dla dzieci Warszawa. Wyj\u0105tkowe fotografie makija\u017cu, portrety. Fotografia reklamowa. Sesje zdj\u0119ciowe w Warszawie w studio i w plenerze","potentialAction":[{"@type":"SearchAction","target":{"@type":"EntryPoint","urlTemplate":"http:\/\/www.sergiofoto.pl\/?s={search_term_string}"},"query-input":{"@type":"PropertyValueSpecification","valueRequired":true,"valueName":"search_term_string"}}],"inLanguage":"en"}]}},"_links":{"self":[{"href":"https:\/\/www.sergiofoto.pl\/en\/wp-json\/wp\/v2\/pages\/2375\/"}],"collection":[{"href":"https:\/\/www.sergiofoto.pl\/en\/wp-json\/wp\/v2\/pages\/"}],"about":[{"href":"https:\/\/www.sergiofoto.pl\/en\/wp-json\/wp\/v2\/types\/page\/"}],"author":[{"embeddable":true,"href":"https:\/\/www.sergiofoto.pl\/en\/wp-json\/wp\/v2\/users\/1\/"}],"replies":[{"embeddable":true,"href":"https:\/\/www.sergiofoto.pl\/en\/wp-json\/wp\/v2\/comments\/?post=2375"}],"version-history":[{"count":6,"href":"https:\/\/www.sergiofoto.pl\/en\/wp-json\/wp\/v2\/pages\/2375\/revisions\/"}],"predecessor-version":[{"id":5714,"href":"https:\/\/www.sergiofoto.pl\/en\/wp-json\/wp\/v2\/pages\/2375\/revisions\/5714\/"}],"wp:attachment":[{"href":"https:\/\/www.sergiofoto.pl\/en\/wp-json\/wp\/v2\/media\/?parent=2375"}],"curies":[{"name":"wp","href":"https:\/\/api.w.org\/{rel}","templated":true}]}}

<!-- This site is optimized with the Yoast SEO plugin v27.3 - https://yoast.com/product/yoast-seo-wordpress/ -->
<title>ABOUT ME | Fotograf Warszawa</title>
<meta name="robots" content="index, follow, max-snippet:-1, max-image-preview:large, max-video-preview:-1" />
<link rel="canonical" href="https://www.sergiofoto.pl/en/about-me/" />
<meta property="og:locale" content="en_US" />
<meta property="og:type" content="article" />
<meta property="og:title" content="ABOUT ME | Fotograf Warszawa" />
<meta property="og:description" content="Sergio provides photographic services to companies and individuals.  Are you looking for a wedding photographer? Sergio comes from Italy and has years of experience in the photography field. He is capable of capturing on photographs the right and important moments. I do not offer standard..." />
<meta property="og:url" content="https://www.sergiofoto.pl/en/about-me/" />
<meta property="og:site_name" content="Sergio&#039;s Photography - Fotografia... po włosku!" />
<meta property="article:publisher" content="https://www.facebook.com/sergiofotopl" />
<meta property="article:modified_time" content="2020-03-17T18:57:05+00:00" />
<meta name="twitter:label1" content="Est. reading time" />
	<meta name="twitter:data1" content="1 minute" />
<script type="application/ld+json" class="yoast-schema-graph">{"@context":"https:\/\/schema.org","@graph":[{"@type":"WebPage","@id":"https:\/\/www.sergiofoto.pl\/en\/about-me\/","url":"https:\/\/www.sergiofoto.pl\/en\/about-me\/","name":"ABOUT ME | Fotograf Warszawa","isPartOf":{"@id":"http:\/\/www.sergiofoto.pl\/#website"},"datePublished":"2013-11-06T21:10:17+00:00","dateModified":"2020-03-17T18:57:05+00:00","breadcrumb":{"@id":"https:\/\/www.sergiofoto.pl\/en\/about-me\/#breadcrumb"},"inLanguage":"en","potentialAction":[{"@type":"ReadAction","target":["https:\/\/www.sergiofoto.pl\/en\/about-me\/"]}]},{"@type":"BreadcrumbList","@id":"https:\/\/www.sergiofoto.pl\/en\/about-me\/#breadcrumb","itemListElement":[{"@type":"ListItem","position":1,"name":"Home","item":"https:\/\/www.sergiofoto.pl\/en\/"},{"@type":"ListItem","position":2,"name":"ABOUT ME"}]},{"@type":"WebSite","@id":"http:\/\/www.sergiofoto.pl\/#website","url":"http:\/\/www.sergiofoto.pl\/","name":"Sergio's Photography - Fotografia... po włosku!","description":"Fotograf ślubny, okolicznościowy i dla dzieci Warszawa. Wyjątkowe fotografie makijażu, portrety. Fotografia reklamowa. Sesje zdjęciowe w Warszawie w studio i w plenerze","potentialAction":[{"@type":"SearchAction","target":{"@type":"EntryPoint","urlTemplate":"http:\/\/www.sergiofoto.pl\/?s={search_term_string}"},"query-input":{"@type":"PropertyValueSpecification","valueRequired":true,"valueName":"search_term_string"}}],"inLanguage":"en"}]}</script>
<!-- / Yoast SEO plugin. -->

Sergio&#039;s Photography - Fotografia... po włosku!

Sergio's Photography - Fotografia... po włosku!

Fotograf ślubny, okolicznościowy i dla dzieci Warszawa. Wyjątkowe fotografie makijażu, portrety. Fotografia reklamowa. Sesje zdjęciowe w Warszawie w studio i w plenerze
